 -503 + 886. What is the units digit of j?
3
Let s = -121 + 231. What is the hundreds digit of s?
1
Suppose 0 = 8*w - 7*w - 1, -2*t + 1253 = w. What is the units digit of t?
6
Suppose 5*p - 8*t = -11*t + 7561, -4*p + 2*t + 6040 = 0. What is the thousands digit of p?
1
What is the tens digit of 1/(-2)*2464/(-22)?
5
Suppose -2136 = 3*w - 6*w. What is the tens digit of w?
1
Suppose 0 = b + x - 2249, 0 = -0*b - 4*b - 5*x + 9000. What is the hundreds digit of b?
2
Let b be (2/(-4))/(2/(-48)). Suppose -8 = 4*d, 10 + b = 3*x - 2*d. Suppose -3*q - 12 = -x*q. What is the units digit of q?
4
Let w(l) = l**2 - 5*l + 4. Let h be (16/12)/(2/12). Let m be w(h). Let p = m - 5. What is the units digit of p?
3
Let c = -176 - -633. What is the hundreds digit of c?
4
Let x be -1*(-3 + 9) - (1 - 23). Let o be (1 + 1 + -1)*193. Suppose -2*s = 5*a - o, -3*a + 100 + x = s. What is the tens digit of a?
3
What is the hundreds digit of 50/275 + 1 + 31700/11?
8
Suppose -y + 30 = -5*r, 5*y = -0*y - 5*r. Suppose 0 = -2*m + 5*j - 7 + 3, y*m = 3*j + 9. What is the units digit of (3 + 4/(-6))*m?
7
Let r = -90 + 64. Let l be 18/117 + (-1218)/r. Suppose -4*d + l = -13. What is the tens digit of d?
1
Let f(a) be the third derivative of 31*a**5/60 - a**3/3 - 4*a**2 - 7. What is the hundreds digit of f(2)?
1
Let n = 5578 - 3731. What is the hundreds digit of n?
8
Suppose -4*t + 60 = -0*t. Suppose -4*s + 129 = -3*u + 27, -50 = -2*s + 2*u. Let m = s - t. What is the tens digit of m?
1
Let g be (-4 - (-1 + 3))/2. Let w be (-2)/(2 - (1 + 3)). What is the units digit of (g - -2)/(w/(-8))?
8
Suppose 1873 = 5*i + 2*l, 2*i + 2*l - 510 - 238 = 0. What is the units digit of i?
5
Let p be (36 - 5)/((-2)/6). Let h be (p - (2 - 1))/1. Let k = h + 163. What is the tens digit of k?
6
Let a(k) = k**2 + 4*k + 12. Suppose 35 = 97*y - 92*y. What is the tens digit of a(y)?
8
Let l = 3878 + -458. What is the units digit of l?
0
Let b = -17 - -21. Suppose -b*a = -10 - 2. Suppose 20 - a = r - 4*k, -96 = -3*r - 3*k. What is the tens digit of r?
2
Let p be (-2 - -1)/(4/2212). What is the tens digit of (4/(-14))/(1/p)?
5
Suppose -12*r + 1013 = -11*r. What is the tens digit of r?
1
Let z(d) = d**3 + 40*d**2 - 28*d - 25. What is the tens digit of z(-39)?
8
Suppose -2*z - 6 = 0, 0 = -t + 13*z - 9*z + 915. What is the tens digit of t?
0
Suppose 3*l = 10*l - 18424. What is the tens digit of l?
3
Suppose 0 = 4*d + 8, 3*c + 564 = d - 4*d. What is the units digit of (2/(-3))/(1/c)?
4
What is the tens digit of 3/(-9)*3*-994?
9
Suppose -4*m + 3545 = 1201. What is the hundreds digit of m?
5
Let b = -2 + 4. Let h be (-183)/21 + 8/(-28). What is the tens digit of (-1182)/(-27) - b/h?
4
Let h be ((-24)/32)/(1/(-28)). Suppose 3*q - 3 = -3*g, 0*q + 3*q + h = 5*g. Suppose 3*n = -4*m + 94, n - 93 = -2*n - g*m. What is the units digit of n?
0
Suppose 3*p + 11*p = 7476. What is the hundreds digit of p?
5
Let l(y) = -y**3 - 7*y**2 + 9*y + 6. Let m be l(-8). Let h(g) = -4*g**3 + 3*g**2 + 5*g + 3. Let w be h(m). Let p = w - 17. What is the units digit of p?
0
Let p(v) = v + 13. Let x be p(-9). Suppose 4*j = -5*h + 17, -2*h = -x*j + 5 - 23. What is the units digit of h?
5
Suppose -4 + 0 = -2*i. Suppose i*s - 12 = 3*a, -3*s - a = a - 5. What is the units digit of 2 + -4 + 33/s?
9
Suppose 348 = 2*h - 4*u, 4*h - 1148 = 2*u - 464. What is the tens digit of h?
7
Let s be 0/(-4) + 0 - -3. Suppose -3*q + 54 = 3*x, -x + 10 + 10 = s*q. Let d = 17 + x. What is the units digit of d?
4
Suppose -17 = 4*j + 23. Let r = -8 - j. Suppose -4*o = -u - 139, -5*o - 3*u = r*u - 205. What is the units digit of o?
6
Let u(a) = -a**3 + 2*a**2 + 2*a + 1. Let j be u(-1). Suppose -4*f + j = -14. Suppose -2*l = 3*i - 7, i + f*l - 5 = -16. What is the units digit of i?
5
Let r = -42 + 46. Let w(t) = t**3 - t**2 + 2*t + 7. What is the units digit of w(r)?
3
What is the hundreds digit of 823 - (2 + 0 + 6)?
8
Let o(h) = 2*h + 8. Let m be o(0). Let p = 7 - m. Let n(r) = -4*r**3 + 2*r**2 - 1. What is the units digit of n(p)?
5
Let c = -7 - -83. Suppose 4*f = l + c, f - 6 = 3*l + 24. What is the tens digit of f?
1
Suppose -7*x + 18*x - 28600 = 0. What is the hundreds digit of x?
6
Suppose -11*h + 35 = -6*h. What is the tens digit of ((-23)/(-4))/(h/28)?
2
Suppose 1258 = 5*h - 2*z, 4*z - z + 12 = 0. What is the units digit of h?
0
Let a = -28 - -31. Suppose 2*n - 3*n + 99 = -4*v, a*n - 297 = -4*v. What is the tens digit of n?
9
Suppose -2*n + g + 0*g - 25 = 0, -4*n - 5*g - 85 = 0. Let f be (-2 + -38)*(-6)/8. Let v = f + n. What is the tens digit of v?
1
Let g = 20 + 1. Let l = g - 9. What is the units digit of l?
2
Let k be -11 + -38732 - (-4)/(-2). What is the hundreds digit of k/(-162) - (0 - (-2)/12)?
2
Suppose -421 = -5*b - 2*y + 236, -b = -5*y - 153. Let n = b + -91. What is the tens digit of n?
4
Let d(y) = y**2 - 3*y - 1. Let f be -3 + -3 + 18/2. Let b be d(f). What is the units digit of (-2 - b)/((-3)/54)?
8
What is the tens digit of ((-4)/3)/((-11)/70752*4)?
4
What is the units digit of 64 - (17/(-5) + (-2)/(-5))?
7
Let q = 49 + -45. What is the units digit of 6/5*(q + 1)?
6
Let k(b) = b**2 + 9*b - 160. What is the hundreds digit of k(-32)?
5
Let t = 562 - 203. What is the hundreds digit of t?
3
Let d(h) = 203*h - 196. What is the units digit of d(13)?
3
Suppose 5*y = -10 - 0. Let f be (y - -5) + (43 - 0). Let b = -13 + f. What is the units digit of b?
3
Suppose -5*w - 5287 = -3*y, -3*y + 2*w - 1744 = -4*y. What is the tens digit of y?
5
Let s = 373 + -192. What is the units digit of s?
1
Let n = -12 - -12. Let d be (1 + n - 1)/2. What is the units digit of 1/(-2)*d + 2?
2
Let u(b) be the third derivative of 7*b**5/60 - b**4/24 - b**3/6 - b**2. Suppose -8*c = 16 - 0. What is the units digit of u(c)?
9
What is the thousands digit of (4971/15)/(2*(-5)/(-50))?
1
Let m be ((-155)/(-25) + 1)*660/9. Let w = m + -311. What is the units digit of w?
7
Let d(u) = -u**3 - 7*u**2 + 7*u + 5. Let c be d(-8). Suppose c*x = 14*x - 41. What is the units digit of x?
1
Suppose 11*q - 6*q = 575. What is the tens digit of 2/(4 - q/29)?
5
Suppose 3*f = 3*z + 5175, -z - 8009 = -5*f + 616. What is the tens digit of f?
2
Let c be ((-10)/(-6))/((-2)/(-18)). Suppose 0*k + 5*k = c. Suppose 4*i = k*o + 27, -4*i - 5*o + 21 = -2*o. What is the units digit of i?
6
Suppose f - 3*h = -2*h + 558, 3*h = -f + 558. What is the units digit of f?
8
Suppose -5*j - 7*x + 2*x + 6930 = 0, 3*x = -3. What is the hundreds digit of j?
3
Let y(x) = 10*x - 7. Let u be y(-2). What is the units digit of (1 - -5)/(u/(-738))?
4
Let f = -3005 - -4585. What is the units digit of f?
0
Let o(v) = -5*v - 71. Let i be o(-15). Suppose -i*m + 4*h + 235 = -777, 3*h = 2*m - 502. What is the units digit of m?
7
Let v(o) = -o**2 + 6 + 8*o + 0*o + 1. Let t be v(9). What is the units digit of (-61)/t + (-2)/4?
0
Let q(l) = 6*l**3 + 6*l - 8. What is the units digit of q(4)?
0
Let u = 79 + -93. What is the hundreds digit of u*(76/(-8) + (0 - 2))?
1
Suppose 0 = 5*k - 0 - 35. Let m = k - 10. What is the units digit of m*(0 - 7/3)?
7
Let x = 37 - 35. Suppose -x*p - 170 = -4*p. What is the tens digit of p?
8
Suppose -2*v + 13 = -g, -3*v + 0*g = -3*g - 27. Suppose -5*k + 3*k = 5*m - 301, v*k - 4*m = 616. What is the tens digit of k?
5
Suppose 0*d + 4*w = -2*d + 28, -w = -2*d + 23. What is the tens digit of 734/d - (-3)/(-18)?
6
Suppose 913 = -4*h + 8753. What is the hundreds digit of h?
9
Let q be 1/(-3) - (-6)/(-9). Let f be 0/(4*q/(-4)). Suppose -5*m + r - 6*r + 25 = f, -4*m = -4*r - 60. What is the tens digit of m?
1
Let p = 436 + -82. What is the units digit of p?
4
Let t(p) = -p**3 + 9*p**2 - 3*p + 7. Let c(q) = -q**3 + 11*q**2 - 8*q - 13. Let i be c(10). What is the units digit of t(i)?
4
Suppose 24*r = 20*r + 1960. What is the hundreds digit of r?
4
Let t be (-182)/6*1 - 2/3. Let k = t + 49. What is the tens digit of k?
1
Suppose -190*i + 143 = -179*i. What is the tens digit of i?
1
Let m(l) be the first derivative of 17/2*l**4 - 1/3*l**3 - 6 + l**2 - 2*l. What is the units digit of m(1)?
3
Let j(i) = 337*i + 748. What is the tens digit of j(13)?
2
Suppose 0 = -5*y - 5*d + 2085, 7*d = 2*y + 6*d - 846. What is the hundreds digit of y?
4
Let x(p) = 2*p**2 - p**3 + 0*p**2 + p**2 - 1 - 5*p + 5*p**2. What is the tens digit